{"id":505,"date":"2025-09-24T11:54:07","date_gmt":"2025-09-24T11:54:07","guid":{"rendered":"https:\/\/fenghaomotorsn.com\/?post_type=product&#038;p=505"},"modified":"2025-10-28T12:55:01","modified_gmt":"2025-10-28T12:55:01","slug":"ktm-fh50","status":"publish","type":"product","link":"https:\/\/fenghaomotorsn.com\/index.php\/product\/ktm-fh50\/","title":{"rendered":"ktm-fh50"},"content":{"rendered":"<h1>Fiche Technique &#8211; FENGHAO Street Motorcycle<\/h1>\n<h2>Sp\u00e9cifications Techniques<\/h2>\n<table>\n<tbody>\n<tr>\n<th>Sp\u00e9cification<\/th>\n<th>D\u00e9tail<\/th>\n<\/tr>\n<tr>\n<td>Marque<\/td>\n<td>FENGHAO<\/td>\n<\/tr>\n<tr>\n<td>Point d&rsquo;origine<\/td>\n<td>Chine<\/td>\n<\/tr>\n<tr>\n<td>Nom du produit<\/td>\n<td>Street Motorcycle<\/td>\n<\/tr>\n<tr>\n<td>Syst\u00e8me de refroidissement<\/td>\n<td>Refroidi par air<\/td>\n<\/tr>\n<tr>\n<td>Batterie<\/td>\n<td>12V9AH<\/td>\n<\/tr>\n<tr>\n<td>Puissance maximale<\/td>\n<td>9.1 kW @ 7500 tr\/min<\/td>\n<\/tr>\n<tr>\n<td>Vitesse maximale<\/td>\n<td>110-170 km\/h<\/td>\n<\/tr>\n<tr>\n<td>Allumage<\/td>\n<td>CDI<\/td>\n<\/tr>\n<tr>\n<td>Mode de freinage (Avant\/Arri\u00e8re)<\/td>\n<td>Frein \u00e0 disque avant \/ Frein \u00e0 tambour arri\u00e8re<\/td>\n<\/tr>\n<tr>\n<td>Carburant<\/td>\n<td>Essence \/ Diesel<\/td>\n<\/tr>\n<tr>\n<td>Cylindr\u00e9e<\/td>\n<td>50 cc<\/td>\n<\/tr>\n<tr>\n<td>Freins (Avant\/Arri\u00e8re)<\/td>\n<td>Disque \/ Tambour<\/td>\n<\/tr>\n<\/tbody>\n<\/table>\n<h2>Description<\/h2>\n<p>La FENGHAO Street Motorcycle est une moto fiable et performante, con\u00e7ue pour les amateurs de vitesse et de conduite dynamique. Fabriqu\u00e9e en Chine, cette moto est \u00e9quip\u00e9e d&rsquo;un moteur de 50 cc refroidi par air, avec une puissance maximale de 9.1 kW \u00e0 7500 tr\/min et une vitesse maximale de 110 \u00e0 170 km\/h.<\/p>\n<p>Elle dispose d&rsquo;un syst\u00e8me d&rsquo;allumage CDI, d&rsquo;une batterie 12V9AH, et utilise de l&rsquo;essence ou du diesel comme carburant. Le syst\u00e8me de freinage comprend un frein \u00e0 disque \u00e0 l&rsquo;avant et un frein \u00e0 tambour \u00e0 l&rsquo;arri\u00e8re, offrant une s\u00e9curit\u00e9 optimale.<\/p>\n<p>Avec des caract\u00e9ristiques techniques impressionnantes et une conception robuste, la FENGHAO Street Motorcycle est id\u00e9ale pour ceux qui recherchent une moto polyvalente et performante<\/p>\n","protected":false},"excerpt":{"rendered":"<p>50 cc refroidi par air, avec une puissance maximale de 9.1 kW \u00e0 7500 tr\/min et une vitesse maximale de 110 \u00e0 170 km\/h.<\/p>\n","protected":false},"featured_media":507,"comment_status":"open","ping_status":"closed","template":"","meta":[],"product_brand":[62],"product_cat":[61,48],"product_tag":[],"class_list":{"0":"post-505","1":"product","2":"type-product","3":"status-publish","4":"has-post-thumbnail","6":"product_brand-fenghao","7":"product_cat-jakarta","8":"product_cat-moto","9":"thunk-woo-product-list","10":"opn-qv-enable","11":"top-store-woo-hover-zoom","12":"top-store-single-product-tab-horizontal","13":"top-store-shadow-","14":"top-store-shadow-hover-","16":"first","17":"instock","18":"shipping-taxable","19":"purchasable","20":"product-type-simple"},"_links":{"self":[{"href":"https:\/\/fenghaomotorsn.com\/index.php\/wp-json\/wp\/v2\/product\/505","targetHints":{"allow":["GET"]}}],"collection":[{"href":"https:\/\/fenghaomotorsn.com\/index.php\/wp-json\/wp\/v2\/product"}],"about":[{"href":"https:\/\/fenghaomotorsn.com\/index.php\/wp-json\/wp\/v2\/types\/product"}],"replies":[{"embeddable":true,"href":"https:\/\/fenghaomotorsn.com\/index.php\/wp-json\/wp\/v2\/comments?post=505"}],"version-history":[{"count":2,"href":"https:\/\/fenghaomotorsn.com\/index.php\/wp-json\/wp\/v2\/product\/505\/revisions"}],"predecessor-version":[{"id":808,"href":"https:\/\/fenghaomotorsn.com\/index.php\/wp-json\/wp\/v2\/product\/505\/revisions\/808"}],"wp:featuredmedia":[{"embeddable":true,"href":"https:\/\/fenghaomotorsn.com\/index.php\/wp-json\/wp\/v2\/media\/507"}],"wp:attachment":[{"href":"https:\/\/fenghaomotorsn.com\/index.php\/wp-json\/wp\/v2\/media?parent=505"}],"wp:term":[{"taxonomy":"product_brand","embeddable":true,"href":"https:\/\/fenghaomotorsn.com\/index.php\/wp-json\/wp\/v2\/product_brand?post=505"},{"taxonomy":"product_cat","embeddable":true,"href":"https:\/\/fenghaomotorsn.com\/index.php\/wp-json\/wp\/v2\/product_cat?post=505"},{"taxonomy":"product_tag","embeddable":true,"href":"https:\/\/fenghaomotorsn.com\/index.php\/wp-json\/wp\/v2\/product_tag?post=505"}],"curies":[{"name":"wp","href":"https:\/\/api.w.org\/{rel}","templated":true}]}}